 when (-8 + -10 + 6)/((-6)/32) is divided by 36?
28
Suppose -j + 39 = 2. Let n(h) = 2*h**3 + 8*h**2 - 7*h + 2. Calculate the remainder when n(3) is divided by j.
33
Suppose 80 = 8*n - 4*n. Suppose -96 = -4*r - n. What is the remainder when r is divided by 10?
9
Let j(v) = 29*v - 17. What is the remainder when j(4) is divided by 17?
14
Suppose -38*f + 20 = -37 + 19. Let d be ((-16)/10)/((-2)/15). What is the remainder when 13/4 - 3/d is divided by f?
0
Let c(r) = -3*r**3 + r**2 + r - 6. Let d be c(-3). Suppose -d = -7*t + 94. What is the remainder when t is divided by 14?
11
Let p = -14 + 16. Suppose 2*q = -0*q - 3*g - 9, -2*g = -p*q + 16. Suppose 0 = -0*s + q*s - 216. What is the remainder when s is divided by 25?
22
Let t(n) = n**3 - 15*n**2 + 4*n - 19. Let o(m) = 7*m - 3. What is the remainder when t(15) is divided by o(1)?
1
Let i(g) = -g + 7. Suppose -3*y - 9 + 0 = 0. What is the remainder when (-2)/y*81 - 1 is divided by i(-7)?
11
Suppose -140 = -2*v - j, 6*j + 10 = j. Calculate the remainder when v is divided by 6.
5
Let k be (-8)/(-6)*(4 - 2 - -1). Suppose 0 = -2*s - 2*c - 4, -2*c - 12 = -2*s - 0*c. Suppose s*y + k = 42. Calculate the remainder when 74 is divided by y.
17
Suppose 5*c + 556 - 591 = 0. What is the remainder when 18 is divided by c?
4
Suppose 0 = -0*z - 3*z - 36. Let j(r) = 29*r**2 + 2*r + 1. What is the remainder when j(-1) is divided by -4 + 4 - (z - -2)?
8
Let y = 531 - 525. Calculate the remainder when 7 is divided by y.
1
Let a(h) = h**2 + 9*h. Let y be a(-9). Let c be y/((3 - -5)/(-4)). Calculate the remainder when 42 is divided by (c + 1)/((-1)/(-11)).
9
Suppose m - 62 - 35 = -4*b, -4*m = 3*b - 401. Suppose 0*u - 204 = -3*u. Suppose -3*y + u = -5*a, 22 = y - a - a. What is the remainder when m is divided by y?
23
Suppose 36 = 10*g + 6. Suppose b + y - 17 = -4*y, -g*y = -2*b + 47. Calculate the remainder when 85*-1*2/(-2) is divided by b.
19
Let l = -724 + 730. What is the remainder when l is divided by 3?
0
Suppose 34 = 4*r + 2*p, 5*r - 45 = -4*p - p. Suppose 3*f - 6 = 3*k, 4*k + 2*f + 4 = 26. Suppose -k*b + 55 = 8*b. What is the remainder when r is divided by b?
3
What is the remainder when 55 + (-13)/((-13)/(-2)) is divided by 8?
5
Suppose -2*v + 35 = 5*v. Calculate the remainder when v is divided by 3.
2
Suppose 5*s + 28 + 8 = 2*t, 0 = -t - 2*s + 18. What is the remainder when 215 is divided by t?
17
Let w = 57 + -22. Suppose -4*b - 4 + w = a, -12 = -4*a. Let l = -12 - -38. What is the remainder when l is divided by b?
5
Let o = 1291 - 905. Calculate the remainder when o is divided by 9.
8
Let b = 191 - 131. Suppose -3*i + 44 - 101 = 0. Let m = b + i. What is the remainder when m is divided by 7?
6
Calculate the remainder when 609 is divided by 126/(-42)*((-336)/9 + -3).
4
Suppose q - 64 = -7*q. Suppose -200 = -0*i - q*i. Calculate the remainder when i is divided by 7.
4
What is the remainder when 256 is divided by (3 + -3 + -7)/(-1)?
4
Suppose 0 = 2*i + 9*x - 5*x - 30, 3*x = -6. Calculate the remainder when 53 is divided by i.
15
Let o(j) = 12*j**2 - 14*j + 1. Suppose 2*u + 5*g - 23 = 0, g + 3*g = 12. What is the remainder when o(u) is divided by 23?
22
Suppose -2 - 6 = -2*b. Let d = 10 - b. Suppose 8*v = d*v + 92. What is the remainder when v is divided by 12?
10
Let h = -1020 + 1224. Calculate the remainder when h is divided by 105.
99
Let m(j) = -5*j**3 - 4*j**2 + 8*j + 8. What is the remainder when 987 is divided by m(-2)?
11
Let k(j) = j**3 - 2*j - 1. Let q be k(-1). Suppose q = 2*v - 6, 4*r + 4*v + 0*v = 108. What is the remainder when 1*1*-3*-15 is divided by r?
21
Suppose -4*d - g = -12, -2*d + 6 + 0 = -5*g. Let k(f) = 2 - 2*f + 2 + 0*f**2 + f**2. What is the remainder when 12 is divided by k(d)?
5
Let v(r) be the first derivative of -r**3/3 + 3*r**2 + 6*r + 14. Calculate the remainder when 96 is divided by v(5).
8
Let b = -374 + 397. Calculate the remainder when 178 is divided by b.
17
Let j = 1918 - 1901. Calculate the remainder when 101 is divided by j.
16
Let b be (-2)/(-3)*-1*-3. Let k(x) = -2*x**b + 4*x**2 - 4 - x**2 + 2*x + 1. Calculate the remainder when 60 is divided by k(-6).
18
Suppose 37*b - 81*b + 100 = -34*b. Suppose 2*p - 25 + 2 = -k, -7 = 2*p - 5*k. Let h = -6 + p. Calculate the remainder when b is divided by h.
1
Suppose 0 = -8*n - 45 - 3. What is the remainder when ((-3)/n)/(4/336) is divided by 22?
20
Suppose 3*p - 58 = 53. Suppose 0 = -3*q - 9, -2*y + 2*q - 5 = -227. What is the remainder when y is divided by p?
34
Let y = -70 - -114. Suppose 0 = -j + 5*r + 184, -195 = -j + 4*r - 13. Calculate the remainder when j is divided by y.
42
Suppose -t - 2 = -u, -3*u + 4*t = 2*t - 6. What is the remainder when 14 is divided by u/8*10*2?
4
Suppose 100 = 4*b + b. Suppose -2*f + 4*f - 24 = -2*g, -5*g - 39 = -4*f. Calculate the remainder when b is divided by f.
9
Suppose 3*p = -s - 2, -3*s + 0*p = 4*p + 6. Suppose 21 + 141 = 3*u - 3*w, -187 = -3*u - 2*w. Calculate the remainder when u is divided by (4 + (-44)/12)*42 - s.
11
Let d(v) = v**2 + 14*v + 58. Calculate the remainder when 153 is divided by d(-5).
10
Let g(h) = 4*h**3 - 7*h**2 - 18*h - 2. Let n(k) = 5*k**3 - 6*k**2 - 19*k - 3. Let d(m) = 6*g(m) - 5*n(m). What is the remainder when d(-11) is divided by 13?
12
Let q(l) = -l + 16. Calculate the remainder when 124 is divided by q(-5).
19
What is the remainder when 149 is divided by (-84 - 7)*6/(-14)?
32
Suppose -n + 38 = 1. Calculate the remainder when n is divided by 8.
5
Let x be (-4 - -3)*(-3 - -1). Suppose -x*u = -3*u + 23. Calculate the remainder when (68 - -8) + 7 - 16 is divided by u.
21
Let r(i) = i + 25. Let d be (-10)/25 + 53/(-5). Let f be r(d). Suppose -f*t = -15*t + 27. What is the remainder when t is divided by 10?
7
What is the remainder when 120 is divided by (-53 + 50)*166/(-6)?
37
What is the remainder when 72 is divided by (-2 + (-44)/(-12))*15?
22
Suppose -42*v + 260 = -22*v. What is the remainder when 115 is divided by v?
11
Suppose -90*m = -86*m - 2348. Calculate the remainder when m is divided by 59.
56
Let d be (6 + -9)*(-1 - 4). Suppose 4*b - 21 = d. Suppose -c = 11 - 45. What is the remainder when c is divided by b?
7
Suppose -5*c + 3 + 9 = -2*t, 4*c = 16. Suppose -3*l + 300 = 5*w + 80, -2*w + 3*l + 88 = 0. Suppose w = 5*q + 4. Calculate the remainder when q is divided by t.
0
Suppose -50 = -3*b + 1. Let v be -3*(3 + 68/12). Let o = 74 + v. What is the remainder when o is divided by b?
14
Suppose 11*l - 2*w = 15*l - 130, 5*l - 160 = -3*w. What is the remainder when 207 is divided by l?
32
Let p be 3 + -32 + 1*3. Let h = p + 47. Let s(c) = c**2 + 16*c + 25. What is the remainder when s(-18) is divided by h?
19
Let b(u) = u**3 - 3*u**2 + 3*u + 3. Let q = -4050 - -4097. Calculate the remainder when q is divided by b(3).
11
Let v = -7 - -131. What is the remainder when v is divided by 7?
5
Suppose 6*x + 4 = 16. Suppose -3*u - 7 = x*n, 5*n - 7*u + 3*u - 17 = 0. Calculate the remainder when 21 is divided by (-2 - 2)/(n/(-2)).
5
Calculate the remainder when -5 - -11 - 4*-6 is divided by 16.
14
Suppose 188 = 16*k + 60. Calculate the remainder when 102 is divided by k.
6
Let h = 8 + 23. Let c(d) = 3*d**2 + 63*d + 9. Calculate the remainder when h is divided by c(-21).
4
Calculate the remainder when -2*1*(-22)/1 is divided by (1*(-3 - 48))/(-3).
10
Let f = -295 - -353. Calculate the remainder when 112 is divided by f.
54
Suppose 2*j = 5 + 5. Suppose -x + 528 = j*x. What is the remainder when x is divided by 18?
16
Suppose g - 2 = 1. Let o(n) = -2*n + 1. Let u be o(8). What is the remainder when u*2*(-1)/5 is divided by g?
0
Suppose 8 = -5*q + q. Suppose -u = 5*s - 24, -2*u + s - 8 = u. What is the remainder when 42 is divided by (1 - 23)*(q - u)?
20
Let j be 2/4 + 129/(-6). Suppose 18 = 12*m - 114. What is the remainder when j*(0 - (-1)/(-1)) is divided by m?
10
Let t(l) = -2*l**3 - 4*l**2 - 3*l. Let x(y) = -4 + 4 + y + 8 - 2. What is the remainder when t(-2) is divided by x(-3)?
0
Suppose 5*u + 56 = 141. What is the remainder when 79 is divided by u?
11
Let j = -878 - -900. Calculate the remainder when 60 is divided by j.
16
Let a = 16 - 5. Let z = 6 + 15. Calculate the remainder when z is divided by a.
10
Suppose -4*y = -17 - 103. What is the remainder when 137 is divid